 digit of 5631127700?
1
What is the units digit of 164096361?
1
What is the hundreds digit of 106886393?
3
What is the hundred millions digit of 5577494373?
5
What is the ten millions digit of 99225857?
9
What is the ten thousands digit of 424893725?
9
What is the hundred thousands digit of 87404061?
4
What is the millions digit of 233760852?
3
What is the tens digit of 55391960?
6
What is the tens digit of 56633389?
8
What is the hundreds digit of 329449275?
2
What is the hundred millions digit of 2181093229?
1
What is the hundreds digit of 10984360?
3
What is the millions digit of 805013456?
5
What is the hundred millions digit of 1685471850?
6
What is the hundreds digit of 213206248?
2
What is the ten thousands digit of 47208527?
0
What is the units digit of 4731411447?
7
What is the ten thousands digit of 5396073361?
7
What is the ten thousands digit of 145242534?
4
What is the hundreds digit of 249081?
0
What is the ten millions digit of 71408298?
7
What is the ten thousands digit of 202904099?
0
What is the hundreds digit of 5841584628?
6
What is the ten thousands digit of 345737033?
3
What is the units digit of 656245252?
2
What is the hundreds digit of 35947986?
9
What is the ten thousands digit of 80827277?
2
What is the ten millions digit of 182308091?
8
What is the thousands digit of 2112774977?
4
What is the millions digit of 1608052415?
8
What is the ten millions digit of 335157074?
3
What is the ten millions digit of 16336921?
1
What is the thousands digit of 372305903?
5
What is the thousands digit of 32751?
2
What is the ten millions digit of 2656613218?
5
What is the hundred millions digit of 893535511?
8
What is the hundred thousands digit of 39001850?
0
What is the hundred millions digit of 3731653775?
7
What is the millions digit of 145406576?
5
What is the hundred thousands digit of 1819352585?
3
What is the ten millions digit of 4985319734?
8
What is the hundreds digit of 306646020?
0
What is the thousands digit of 1594817541?
7
What is the units digit of 144486114?
4
What is the units digit of 102132744?
4
What is the hundreds digit of 4170378800?
8
What is the thousands digit of 3081064101?
4
What is the thousands digit of 3940978682?
8
What is the thousands digit of 659355087?
5
What is the units digit of 153868856?
6
What is the ten thousands digit of 391271472?
7
What is the millions digit of 578359651?
8
What is the ten millions digit of 60015877?
6
What is the billions digit of 1919838654?
1
What is the hundreds digit of 53117617?
6
What is the hundred thousands digit of 30185552?
1
What is the billions digit of 2923048046?
2
What is the hundred millions digit of 460565127?
4
What is the ten millions digit of 4323999164?
2
What is the hundreds digit of 45626967?
9
What is the ten thousands digit of 284310193?
1
What is the millions digit of 3575792?
3
What is the hundreds digit of 62227837?
8
What is the thousands digit of 633130207?
0
What is the hundreds digit of 144874747?
7
What is the ten thousands digit of 77789995?
8
What is the ten millions digit of 107537593?
0
What is the ten thousands digit of 103624374?
2
What is the hundreds digit of 146713802?
8
What is the units digit of 2744421160?
0
What is the hundred thousands digit of 27387992?
3
What is the thousands digit of 847295539?
5
What is the ten thousands digit of 25880878?
8
What is the ten millions digit of 294404609?
9
What is the ten thousands digit of 90730367?
3
What is the millions digit of 3704160484?
4
What is the hundred millions digit of 191305333?
1
What is the tens digit of 2391391312?
1
What is the millions digit of 49552692?
9
What is the millions digit of 2351144?
2
What is the ten millions digit of 184576506?
8
What is the ten millions digit of 373237165?
7
What is the ten millions digit of 268173393?
6
What is the tens digit of 257851932?
3
What is the ten millions digit of 231996168?
3
What is the tens digit of 622695620?
2
What is the millions digit of 218062273?
8
What is the millions digit of 1058369577?
8
What is the millions digit of 1753546441?
3
What is the thousands digit of 12787615?
7
What is the hundreds digit of 4732965302?
3
What is the millions digit of 373964598?
3
What is the hundred thousands digit of 3814261863?
2
What is the millions digit of 1129963053?
9
What is the ten millions digit of 542214909?
4
What is the tens digit of 28133014?
1
What is the units digit of 32966521?
1
What is the thousands digit of 187202142?
2
What is the millions digit of 1748586457?
8
What is the millions digit of 4229017545?
9
What is the ten thousands digit of 22391847?
9
What is the ten millions digit of 1969803127?
6
What is the tens digit of 5011322092?
9
What is the ten thousands digit of 290761432?
6
What is the millions digit of 2509128769?
9
What is the units digit of 3577023451?
1
What is the thousands digit of 74219296?
9
What is the thousands digit of 135585481?
5
What is the tens digit of 62655146?
4
What is the units digit of 95601479?
9
What is the hundred thousands digit of 1253458420?
4
What is the ten millions digit of 978519567?
7
What is the millions digit of 3154827565?
4
What is the ten millions digit of 2770626386?
7
What is the hundreds digit of 340697482?
4
What is the units digit of 5248940112?
2
What is the units digit of 31186905?
5
What is the tens digit of 141801?
0
What is the ten millions digit of 814685916?
1
What is the millions digit of 280503127?
0
What is the units digit of 199328315?
5
What is the hundred millions digit of 1927046799?
9
What is the ten millions digit of 432351377?
3
What is the thousands digit of 36509856?
9
What is the hundred thousands digit of 91628786?
6
What is the tens digit of 31235401?
0
What is the ten millions digit of 56506128?
5
What is the ten millions digit of 442410958?
4
What is the millions digit of 132652216?
2
What is the thousands digit of 29015779?
5
What is the ten thousands digit of 4340080020?
8
What is the ten thousands digit of 654458313?
5
What is the ten thousands digit of 135777557?
7
What is the hundred millions digit of 4683580931?
6
What is the thousands digit of 1819712570?
2
What is the tens digit of 104449378?
7
What is the ten thousands digit of 323609592?
0
What is the ten thousands digit of 386267473?
6
What is the millions digit of 3386219?
3
What is the ten thousands digit of 136812568?
1
What is the tens digit of 94122965?
6
What is the ten thousands digit of 153555000?
5
What is the hundred millions digit of 3624717893?
6
What is the ten millions digit of 101597647?
0
What is the units digit of 96752681?
1
What is the hundred thousands digit of 195616342?
6
What is the hundred thousands digit of 227162361?
1
What is the millions digit of 1587924?
1
What is the hundred millions digit of 177769994?
1
What is the ten millions digit of 360199393?
6
What is the ten thousands digit of 1321178982?
7
What is the tens digit of 149063934?
3
What is the ten thousands digit of 788350796?
5
What is the millions digit of 39121798?
9
What is the units digit of 1138782?
2
What is the ten thousands digit of 3493992401?
9
What is the hundred thousands digit of 117491240?
4
What is the tens digit of 122411899?
9
What is the tens digit of 1879672190?
9
What is the tens digit of 6485901339?
3
What is the ten thousands digit of 326474831?
7
What is the thousands digit of 2317611870?
1
What is the units digit of 270975227?
7
What is the hundred millions digit of 169477648?
1
What is the ten millions digit of 151724597?
5
What is the hundred thousands digit of 3875826081?
8
What is the hundreds digit of 334743688?
6
What is the tens digit of 15622828?
2
What is the ten millions digit of 47368670?
4
What is the hundred millions digit of 979998618?
9
What is the ten thousands digit of 33344531?
4
What is the hundreds digit of 872935746?
7
What is the hundred thousands digit of 1037600426?
6
What is the ten thousands digit of 131636538?
3
What is the hundred millions digit of 135567440?
1
What is the hundred thousands digit of 2279547276?
5
What is the ten millions digit of 1353372939?
5
What is the hundreds digit of 2636142130?
1
What is the hundred millions digit of 2382325180?
3
What is the hundred millions digit of 1181828208?
1
What is the hundreds digit of